te the remainder when 58 is divided by r.
4
Suppose n + 18 = 3*d, 2 - 26 = -4*d - 3*n. Suppose 2*u + d = 3*u. Let k(v) = 2*v**2 - 21*v - 107. Calculate the remainder when k(-4) is divided by u.
3
Let n(u) = -5*u**2 + 133*u - 487. What is the remainder when 1110 is divided by n(18)?
249
Let b be (-6*1)/(561/(-44) - -12). Suppose 13*n - b*n = 15. What is the remainder when 6 is divided by n?
0
Let t = 614 - 356. What is the remainder when t is divided by (-2 - -4)*-185*(-3)/30?
36
Let j = 146 + -93. Suppose -2*c = -3*c + 14. Suppose 0 = 13*x - c*x + 18. What is the remainder when j is divided by x?
17
Let f be 1/(-1*7/(-105)). Calculate the remainder when 3/f + 43*(-32)/(-20) is divided by 35.
34
Let f = 2 - -1. Suppose -2*d = 3*x + 1, -4*x - 3 = f*d - 2. Suppose 26 = a + d. Calculate the remainder when 72 is divided by a.
22
Let b = 993 - 985. Suppose 22*r - 84 = b*r. What is the remainder when 33 is divided by r?
3
Let k = 5746 + -5660. What is the remainder when 256 is divided by k?
84
Suppose 4*r - 2*s = 208, -44*r = -37*r + 2*s - 364. Calculate the remainder when 191 is divided by r.
35
Let q(w) = -26*w**2 - 395*w - 67. Calculate the remainder when 5086 is divided by q(-15).
6
Suppose 0 = b + 4*z - 530, -1138 = -3*b - z + 375. What is the remainder when b is divided by 140?
82
Let v(u) = -4*u**2 + 51*u + 18. Calculate the remainder when 0 + (-5)/4 + (-11250)/(-72) is divided by v(12).
47
Suppose c - 3 = 4*h, -h - 18 = -2*c + 3*h. Suppose 4*r - 294 = 5*z + 1165, 0 = -r - 4*z + 391. Let k = r + -299. Calculate the remainder when k is divided by c.
12
Let i = -23877 + 24417. What is the remainder when 1641 is divided by i?
21
Let d = 2366 + -2072. Calculate the remainder when d is divided by 9.
6
Let n = 776 + -790. Let v(o) = 6*o + 188. What is the remainder when 412 is divided by v(n)?
100
Let j be (-1)/(4*(-2)/16). Suppose j*k + 15*k = 782. What is the remainder when k is divided by 10?
6
Suppose 2*h = -2*l + 2019 + 1597, -3*l - 5*h + 5434 = 0. Calculate the remainder when l is divided by 42.
39
Suppose -78*g - 1080 = -213*g. Suppose 0 = -2*v + 45 + 43. Calculate the remainder when v is divided by g.
4
Let c be (22/(-3))/((-60)/450). Suppose c = 2*i + 53. Suppose -13 = -4*r - 5. Calculate the remainder when r is divided by i.
0
Suppose 0 = -k - 3*v + 111, -45*v = -41*v - 16. Calculate the remainder when 303 is divided by k.
6
Let h = 90218 + -90199. Let i = -333 - -824. Calculate the remainder when i is divided by h.
16
Let s = -76 - -96. Calculate the remainder when 458 is divided by s.
18
Suppose 13*s = 15*s. Suppose 0 = -w - 7*y + 2*y + 182, s = 4*w + 3*y - 677. Calculate the remainder when w is divided by 21.
20
Let y(w) = -3*w + 3. Suppose 0 = p - 2*q - 9, q = -4*p + 3*p. Suppose 5*r = -42 - p. Calculate the remainder when y(r) is divided by 16.
14
Suppose 1317 = 40*b + 142 - 2025. Calculate the remainder when 254 is divided by b.
14
Calculate the remainder when (-4)/(-24)*-2 + (-44)/(-33) + 1803 is divided by 129.
127
Suppose -15*h + 12 = -13*h. Suppose h*u - 2233 = -5*u. Suppose -u = -5*b - 4*a, 0 = -6*b + 3*b + 4*a + 109. Calculate the remainder when b is divided by 20.
19
Let w(l) = 5*l**2 + 91*l - 17. What is the remainder when 77 is divided by w(-19)?
18
Suppose l + 18 = k, -2*k + k - l + 16 = 0. Let f = 3806 - 3766. Calculate the remainder when f is divided by k.
6
Suppose -2*v + 96 = -2*j + 340, 3*j + 2*v - 366 = 0. Let x = j + -111. Calculate the remainder when 24 is divided by x.
2
Suppose -11114 + 39637 = 128*o - 45077. What is the remainder when o is divided by 72?
71
Let n = -697 + 700. Calculate the remainder when 83 is divided by n.
2
Suppose -23*i + 18*i = -45. Suppose 3*c - 105 - 42 = l, 0 = 3*l + i. Calculate the remainder when 139 is divided by c.
43
Suppose 5*a = -v + 288, -237 = -4*a + 5*v - 8*v. Let c = -54 - -74. What is the remainder when a is divided by c?
17
Suppose -5*v + 17 + 13 = 0. Suppose 34 = -5*z + 8*r - 9*r, -5*z + 5*r = 40. What is the remainder when v is divided by 170/70 - 4/z?
0
Let h(w) = 54*w - 405. What is the remainder when 149 is divided by h(8)?
14
Let a(r) = -r**2 + 20*r - 31. Let b be a(8). Let f = -62 + b. What is the remainder when 43 is divided by (1/(f/(-2)))/((-8)/228)?
5
Suppose 0 = -0*w - 6*w + 60. Suppose -3*t + 0 = -6. Suppose -k - 2*s = -0 - t, -2 = -k - 5*s. Calculate the remainder when w is divided by k.
0
Let s(j) = 3*j**2 - j + 1. Let c(l) = 16*l**3 - 19*l**2 + 4*l + 3. Let p(x) = c(x) + 5*s(x). What is the remainder when p(2) is divided by 10?
8
Suppose 262*j - 30906 = 85160. What is the remainder when j is divided by 15?
8
Let o be 8 + 0/(-9) - 253. Suppose 4*j + 132 - 24 = 0. Let z = j - o. What is the remainder when z is divided by 44?
42
Suppose 132 = 17*l - 38. Suppose -4*y + 22 + 74 = 0. Let k = y - l. What is the remainder when 125 is divided by k?
13
What is the remainder when 411 is divided by 17/(238/(-12)) - 138*(-26)/21?
71
Suppose 103 - 91 = -6*p. Suppose 19 + 5 = 3*h. Calculate the remainder when (p + 12)/(-5) + 10 is divided by h.
0
Let p(v) = v**3 - 17*v**2 - 110*v - 1. Calculate the remainder when p(24) is divided by 7.
5
Let i(h) = -14*h + 2. Let t(x) = 152*x - 50. Let d be t(2). Suppose -a + 133 = -g, -2*a + d = 67*g - 65*g. Calculate the remainder when a is divided by i(-3).
42
Let d = -12 - -10. Let h be (0 + (-93)/(-9))/(d/(-48)). Suppose -4*i - s + 0*s + 246 = 0, -4*i - 2*s + h = 0. Calculate the remainder when i is divided by 17.
10
Let i(c) = -97*c**3 + c**2 - c + 1. Let n be i(1). Let z = n + 142. Let h(b) = -404*b + 2440. Calculate the remainder when z is divided by h(6).
14
Let q = -9 - -11. Suppose 0 = 3*p - 1 - 17. Suppose -q*l = p*l - 88. What is the remainder when 30 is divided by l?
8
Calculate the remainder when 9698 is divided by ((-29)/((-87)/18) + -8)*(-231)/7.
62
Suppose 10*r + 12613 = 117103. What is the remainder when r is divided by 67?
64
Let n(x) = 5*x**2 + 6*x + 14. Let p be n(-5). Suppose 41 + p = 5*s. What is the remainder when 177 is divided by s?
27
Let l(i) = -3*i**2 + 13*i - 4. Let f be l(6). Let v = f + 55. Suppose 0*d - 183 = -3*d. What is the remainder when d is divided by v?
19
Suppose 0 = 3*b - b - 112. Suppose -4*t = -b + 8. What is the remainder when (-2 - -19)*-2*-1 is divided by t?
10
Let g = 6513 + -6469. Suppose 3*l + 2*o - 3 - 32 = 0, 0 = 5*o + 10. Calculate the remainder when g is divided by l.
5
Suppose 10120*s - 10148*s + 952 = 0. Calculate the remainder when 279 is divided by s.
7
Let u = -29 - -32. Suppose 0*h = h + u*h. Suppose h = 3*y - y - 92. Calculate the remainder when y is divided by 8.
6
Let i = 990 - 1848. What is the remainder when 4/((-16)/i) + (-15)/30 is divided by 31?
28
Suppose 60 = 4*n - 4*v, n + 0*n = 5*v + 3. Suppose -3 = 3*s, -62 = -n*k + 13*k - 3*s. What is the remainder when 62 is divided by k?
10
Let i(u) = -7*u**3 - 10*u**2 + 74*u + 879. Calculate the remainder when i(-14) is divided by 33.
30
Suppose -4*w = -9*w - 9*w. Suppose w = -4*f - 5*t + 839, -8*f + 859 = -4*f + t. What is the remainder when f is divided by 55?
51
Suppose 23040 = 19*b + 26*b. Suppose b = 4*i + 400. What is the remainder when 55 is divided by i?
27
Suppose 3*a - 61 - 8 = 0. Suppose a = -f + 16. Let l(g) = -g**2 - 7*g + 17. Calculate the remainder when 31 is divided by l(f).
14
Let y = 203 + -191. Let q = y + 76. Let x = -18 + 64. What is the remainder when q is divided by x?
42
Suppose -45*k + 408 = -41*k - 2*x, 2*k + x = 208. Calculate the remainder when k is divided by 3.
1
Suppose -9*m = -38*m. Suppose 2*g - 4*g + 94 = -3*u, m = g + 3*u - 47. Calculate the remainder when g is divided by 14.
5
Let s(d) = -9*d**3 - d**2 + d + 1. Let l be s(1). Let z = 12 + l. What is the remainder when (306/15 - 3) + z/(-10) is divided by 3?
2
What is the remainder when 542 is divided by ((-208)/60)/((-18)/135)?
22
Suppose 37*w - 224 = 30*w. Let b = 50 - w. Calculate the remainder when 50 is divided by b.
14
Let j = -23 + 29. What is the remainder when j is divided by 516/180 + 6/45?
0
Suppose 3*q - 119 - 384 = 5*z, z - 515 = -3*q. What is the remainder when q is divided by 79?
13
Let i(g) = -3*g**2 - 8*g + 0 + g - g**3 + 5 - 9. Calculate the remainder when i(-4) is divided by 1/(((-2)/2)/(-11)*1).
7
Let a be (-7 + 13 - 3) + 